 - 5 + 15*l**2 - t*l - 1 + 4. Determine m(1).
14
Let d be (2/10 - 2)*-5. Let i be (-7)/d - (-4)/(-18). Let a(v) = -14*v**2 - 2*v - 1. What is a(i)?
-13
Let h be (36/10)/((-2)/(-5)). Suppose h = 3*f - 3. Let p(y) = y - 9. Let m(a) = -a + 9. Let u(c) = -2*m(c) - 3*p(c). Calculate u(f).
5
Let k(w) = 10*w + 2. Let h(r) = -r - 1. Let c(z) = -3*h(z) - k(z). Let b = 107 - 111. Let y be (-2)/(b - (-7 - -5)). Give c(y).
-6
Let z(n) = -n**2 - 10*n - 9. Let t be z(-5). Let c be 3/(-9) - t/6. Let d(x) = 0*x - 4*x + 2*x + 1. What is d(c)?
7
Let j be (0 + 1 - 2) + 0. Let l(y) = y**2 - y - 1. Let q(b) = -18*b**3 + 2*b**2 - b - 2. Let c(t) = 2*l(t) - q(t). Calculate c(j).
-17
Let x(n) = 8*n + 90. Let d be x(-11). Let r(a) be the first derivative of 0*a**d - a - 11 + 0*a**3 + 9/4*a**4. Give r(1).
8
Let d(m) = 5*m**2 + 8*m - 21. Let n(i) = 4*i**2 + 7*i - 18. Let b(p) = 5*d(p) - 6*n(p). Calculate b(3).
6
Suppose 3*q = -q + 28. Let z(s) = -4*s + s + 4*s - q. Let v be ((-1040)/(-416))/(1/(-2)). Determine z(v).
-12
Let r(s) be the third derivative of 0 + 0*s - 5/24*s**4 - 1/60*s**5 - 8*s**2 - 1/6*s**3. Calculate r(-4).
3
Let b(r) = 19*r - 24*r + 11*r + 2. Let d(i) = 31*i + 9. Let u(n) = -11*b(n) + 2*d(n). Calculate u(-4).
12
Let k be (-33)/(-22) + (-1)/(2/43). Let t(n) = -n**3 - 19*n**2 + 18*n - 44. What is t(k)?
-4
Let s(j) = 19*j + 25. Let z be s(-2). Let i(q) = -q**3 - 14*q**2 - 13*q - 19. What is i(z)?
-19
Let y(t) = -t**2 - 6*t + 0*t**2 + 2*t. Suppose -97 = 2*f - 16*f - 153. What is y(f)?
0
Let f(d) = d - 5. Suppose -i = m - 3 - 1, 3*m = 4*i + 5. Let n(w) = 2*w - 7. Let t(j) = -j. Let g(l) = -n(l) - t(l). Let k be g(m). Calculate f(k).
-1
Let t(k) = k**2 - k - 2. Suppose -20 = -3*c + 2*l, 0 = 5*c + 4*l - l - 8. Suppose 0 = -39*u + 37*u + c. Give t(u).
0
Let n be 3 - (6 + -54)/(-3). Let k(p) = p - 2. Determine k(n).
-15
Let m = -226 + 230. Let o(w) = -w**3 + 5*w**2 - 4*w + 1. Calculate o(m).
1
Let l(w) = -2*w - 6. Let i = -65 + 74. Suppose -3*m - 12 - i = 0. Give l(m).
8
Suppose 6*n = 3*v + n - 11, -4*v + 5*n = -23. Let u be (v/(-2))/((-6)/6). Let b(l) = l**3 - 6*l**2 + 4. Calculate b(u).
4
Let o(t) = -2*t**2 - t - 3. Let x = -2257 + 2254. What is o(x)?
-18
Let s(u) = -7*u + 3 + 1166*u**2 - 2*u - 1167*u**2. Give s(-8).
11
Let j(m) be the first derivative of 3*m**4/4 - m**3/3 + m + 132. Give j(-1).
-3
Let p(a) = 3*a**2 - a**2 + 11*a - 4*a**2 - a**3 - 5*a**2 + 7. What is p(-8)?
-17
Let n(g) = g + 1. Let r(v) be the first derivative of -5*v**2/2 + 6*v + 19. Let c(q) = 6*n(q) - r(q). What is c(1)?
11
Let g(y) = 8*y - 8*y - 10*y + 9*y**2 - 7 + y - y**3. Determine g(8).
-15
Let d(r) be the second derivative of r**5/30 - r**4/8 + 7*r**3/2 - 22*r. Let b(z) be the second derivative of d(z). Give b(3).
9
Let f(d) = 10 + 2*d**2 + 3*d - 3*d**2 - 5. Let n = 64 + -65. Let i be n + 4 + -3 + 6. Calculate f(i).
-13
Let f = 14 + -9. Let o(u) = u**3 - 5*u**2 + 1. Let j be o(f). Let z(g) = 4*g**3 - 4*g - 3*g**3 + 0 + 2*g + j. What is z(-2)?
-3
Let d(u) = u + 1. Let m(t) = -4*t - 11. Let l(w) = 5*d(w) + m(w). Determine l(5).
-1
Let d(s) = -4 - s - 2*s**3 + 7 + s**3 - 7*s**2. Give d(-6).
-27
Let o(l) = 0 + l + 0 + 5. Let a be (72/48)/(3/(-10)). Calculate o(a).
0
Let l = -11 - -13. Suppose -t - 4*t = -3*o + 49, 3*o - l*t = 34. Let i(k) = k**2 - o*k**2 + k**2. Determine i(-1).
-6
Let t be (1/5)/(15/25)*12. Suppose -r - 15 = t*r, 4*r = o - 12. Let s(b) = -b**3 - b - 8. Determine s(o).
-8
Let f(m) = -m**3 - 3*m**2 + 4*m + 1. Suppose 14*i + 31 = -25. Give f(i).
1
Let y be 4 + (6 - (-12)/(-2)). Let z(f) = f**3 - 5*f**2 + 2*f + 4. What is z(y)?
-4
Suppose 4*g - 5 = 3. Let u be (g - 5) + (-2 - -2). Let c be 2/u + 1/(-3). Let j(s) = s**3 + s**2 - 1. Determine j(c).
-1
Let x(n) = 5*n - 7. Suppose 35*u - 27*u - 24 = 0. Determine x(u).
8
Let a(o) = -o**2 + 8*o - 23. Let h be a(6). Let n(p) = -4*p - 49. Let t be n(h). Let r(v) = -4*v + 2. Determine r(t).
22
Let s(y) be the third derivative of y**5/120 + 5*y**4/12 + 7*y**3/6 + y**2. Let m(g) be the first derivative of s(g). Suppose 0*z = -z. Calculate m(z).
10
Let g(w) be the third derivative of w**4/12 + 5*w**3/6 + 4*w**2. Let l be (-18)/5*5/(-2). Let h = l + -14. Give g(h).
-5
Let x(r) be the first derivative of -r**2/2 - r + 6. Let z be x(2). Let m(w) be the first derivative of -w**2 - w + 4. Give m(z).
5
Let h(a) = a - 1. Let s be h(18). Suppose -5*j - 92 = -3*x, j = 2*j - 2*x + s. Let l = 14 + j. Let f(t) = -t**2 - 4*t - 2. Determine f(l).
-7
Let s(y) be the second derivative of y**4/12 + y**3 + 9*y**2/2 - 37*y. What is s(-5)?
4
Let s(n) = -n + 34. Let c be s(31). Let t(h) = -8*h + 1. Give t(c).
-23
Suppose 0*f - 3*f - 12 = 0, -2*f = 4*p + 4. Let k = -1 + p. Let t(q) = -4*q**2 + 3*q - 27. Let s(l) = -l**2 + l - 9. Let o(m) = 7*s(m) - 2*t(m). What is o(k)?
-9
Let k = -101 + 106. Let l(r) = 6*r + r**3 - 6*r**2 + 0*r**3 + 7 + 0. Calculate l(k).
12
Let f = -32 + 50. Let l be 2/4 + 43/(-2). Let x = f + l. Let s(m) = -m**3 - 4*m**2 - 3*m - 2. Determine s(x).
-2
Let g(o) = o**3 - 7*o**2 - 5*o + 6. Suppose 0 = -3*m + 5*n + 6, -22 = -4*m + n + n. Determine g(m).
-29
Let g(o) = -o**3 + 13*o**2 - 12*o - 1. Suppose -4*n = 3*n. Suppose 3*d + 5 - 17 = -m, d = n. Let j be g(m). Let s(v) = 5*v**3 + v**2 - 1. Calculate s(j).
-5
Suppose 2*r = 11 - 3. Let s be (4 + -2)*(-20)/(-8). Suppose 0 = r*j - s*u + 34, u - 7 + 23 = -3*j. Let o(x) = x + 5. Calculate o(j).
-1
Let o(p) = p**2 + p + 3. Let a(c) = 1. Let s(y) = -5*a(y) + 2*o(y). Let r = -24 + 8. Let h be (-4)/14 + r/(-7). Determine s(h).
13
Let l(g) = g**3 + 8*g**2 + 6*g - 7. Suppose 2*y - y = 5*f + 19, -4*f + 10 = -5*y. What is l(y)?
29
Let x(y) be the second derivative of y**8/6720 - y**7/280 - y**6/720 + y**5/30 + 13*y**4/12 + 4*y. Let c(k) be the third derivative of x(k). Calculate c(9).
-5
Let d(o) be the third derivative of 0 - 15*o**2 + 1/12*o**4 + 0*o + 0*o**3. Determine d(-2).
-4
Let k be (3 - 3)/2 + -5. Let w(r) = 7*r**3 - 7*r**2 - 4*r - 9. Let n(i) = -6*i**3 + 6*i**2 + 4*i + 8. Let f(a) = k*w(a) - 6*n(a). What is f(-2)?
-7
Let i(o) be the second derivative of o**5/60 + o**4/4 + o**3/2 - o**2/2 - 18*o. Let t(d) be the first derivative of i(d). What is t(-4)?
-5
Let s be (-33)/(-22)*22/(-3). Let q be (s/(-4) + -5)/((-6)/(-16)). Let v(p) = p**2 + 7*p - 6. Calculate v(q).
-12
Suppose 2*z + 0*p = 5*p + 438, -2*z = -4*p - 434. Let y = z - 214. Let b(l) = 2*l + 1 + 4 + 0. Calculate b(y).
-5
Let m(v) = 13*v**2 + v + 2. Let l = 229 + -230. What is m(l)?
14
Suppose 4*a = 3*j - 31, a - 3 = 4*a. Let n(h) = -24*h + 9. Let r = 11 - 9. Let d(g) = 6*g - 2. Let x(l) = j*d(l) + r*n(l). Calculate x(-2).
-12
Let h(w) be the second derivative of w**5/10 - w**4/6 - w**3/2 + 2*w**2 + 8*w. Let q be h(1). Let z(c) = -c - 3*c - 1 + c. Give z(q).
-4
Let m(o) be the third derivative of -o**5/60 - o**4/4 + o**3/3 + 11*o**2. Let n be m(-6). Let l(q) = 7*q + 36*q**2 - n*q - 3 - q**3 - 39*q**2. Determine l(-4).
-7
Suppose 64 - 274 = -15*q. Let c(j) = j**3 - 13*j**2 - 15*j + 18. Determine c(q).
4
Let g(h) = h - 17. Suppose 0 = -u - u + 2*s + 50, 0 = u - 5*s - 29. Suppose -u - 32 = -4*j. Let y be g(j). Let a(q) = -q**2 + 2*q + 2. Give a(y).
-13
Let b(a) = 92*a - 190*a + 6 + 100*a. Calculate b(0).
6
Let d(s) = -2*s + 4. Let m = -8 + 10. Let t be d(m). Let h(i) = -4*i**3 + 2*i - 9. Let a(r) = -9*r**3 + 5*r - 19. Let p(k) = 3*a(k) - 7*h(k). What is p(t)?
6
Suppose -24*z = -184 - 128. Let o(q) = 2*q - 29. What is o(z)?
-3
Let b(d) be the first derivative of d**3/3 + 7*d**2/2 + d + 2. Let f be 3 + 68/(-8) - (-3)/(-2). Calculate b(f).
1
Let l(d) be the second derivative of d**5/20 + d**4/12 - d**3/6 + d**2/2 + 2*d. Let x(n) = -n**3 + 8*n**2 - n + 9. Let v be x(8). Calculate l(v).
2
Let p(q) = 2*q**3 + q + 2*q**2 + 0*q**3 - 6*q**3 - q**2. Let h be p(-1). Let d(z) = z**2 - 3*z + 2. Calculate d(h).
6
Let m be -6 - -9 - 2/(-2). Let n(g) = 3*g - 5*g + 2*g - g**2. Let s(k) = -k**3 + 3*k**2 + 2. Let v(z) = n(z) - s(z). Determine v(m).
-2
Let x(b) = b**3 + b**2 + 2. Let c(l) = -l + 1. Let o be c(-5). Suppose 9*s = o*s. Let r be (2 - (-15)/(-6))*s. What is x(r)?
2
Let j(o) = o**2 + 2*o + 1. Let w(y) = y**2 - 5*y + 2. Suppose -24*b + 19*b + 15 = 0. Let h be w(b). Calculate j(h).
9
Let t(o) be the first derivative of o**5/60 + o**4/6 + o**3/6 